173.
361533173
What are the prime factors of 28528699?
28528699
What are the prime factors of 4479633682?
2, 2053, 1090997
List the prime factors of 34185641.
7, 4883663
List the prime factors of 38769806.
2, 19384903
List the prime factors of 24685520.
2, 5, 308569
List the prime factors of 1706035253.
13, 3607, 36383
List the prime factors of 6015297198.
2, 3, 101, 9926233
What are the prime factors of 587327594?
2, 7, 17, 2467763
What are the prime factors of 167145305?
5, 53, 630737
List the prime factors of 68093231.
829, 82139
List the prime factors of 855660609.
3, 17, 631, 8863
What are the prime factors of 3025931686?
2, 419, 3610897
List the prime factors of 2660391074.
2, 11, 53, 367, 6217
What are the prime factors of 62930825?
5, 2517233
What are the prime factors of 1592018714?
2, 11, 13, 5566499
List the prime factors of 254481821.
11, 23, 31, 71, 457
List the prime factors of 292057962.
2, 3, 7, 73, 95257
List the prime factors of 79130427.
3, 17, 1551577
List the prime factors of 13702867.
17, 806051
List the prime factors of 2863190503.
19, 29, 367, 14159
List the prime factors of 42066937.
11, 3824267
What are the prime factors of 3095478345?
3, 5, 23, 719, 12479
List the prime factors of 1434439526.
2, 13, 55170751
What are the prime factors of 636140542?
2, 73, 4357127
List the prime factors of 4452455507.
31, 1453, 98849
What are the prime factors of 612151850?
2, 5, 173, 70769
List the prime factors of 64146794.
2, 32073397
List the prime factors of 40570432.
2, 7, 17, 761
What are the prime factors of 342661684?
2, 3919, 21859
What are the prime factors of 311789394?
2, 3, 7, 59, 41941
List the prime factors of 854910235.
5, 170982047
List the prime factors of 2039863476.
2, 3, 7, 24284089
What are the prime factors of 2087357080?
2, 5, 5647, 9241
List the prime factors of 1031293883.
1889, 545947
List the prime factors of 488356371.
3, 41, 16339
List the prime factors of 517245828.
2, 3, 11, 3918529
List the prime factors of 139494447.
3, 19, 271919
List the prime factors of 135206885.
5, 11, 1231, 1997
What are the prime factors of 17882273?
41, 71, 6143
What are the prime factors of 4945005522?
2, 3, 274722529
List the prime factors of 316501464.
2, 3, 13187561
What are the prime factors of 311543533?
7, 23, 97, 19949
List the prime factors of 6006557060.
2, 5, 7, 37, 263, 4409
List the prime factors of 49622204.
2, 53, 234067
List the prime factors of 67189855.
5, 13437971
List the prime factors of 8626982637.
3, 7, 13, 31600669
List the prime factors of 8006018.
2, 79, 50671
List the prime factors of 237270675.
3, 5, 3163609
What are the prime factors of 407934855?
3, 5, 47, 192877
List the prime factors of 1647515.
5, 329503
List the prime factors of 4125759059.
4125759059
What are the prime factors of 754146369?
3, 3103483
What are the prime factors of 192487399?
13, 14806723
List the prime factors of 1779305323.
17, 23, 379, 12007
What are the prime factors of 5451560044?
2, 7, 194698573
List the prime factors of 141762238.
2, 70881119
List the prime factors of 2333414496.
2, 3, 7, 293, 1693
What are the prime factors of 63139260?
2, 3, 5, 1052321
What are the prime factors of 116499405?
3, 5, 11, 64187
List the prime factors of 80967181.
80967181
List the prime factors of 123487956.
2, 3, 1143407
List the prime factors of 133220123.
133220123
What are the prime factors of 39651616?
2, 17, 72889
List the prime factors of 3498926536.
2, 7, 17, 107, 701
What are the prime factors of 100519965?
3, 5, 7, 13, 24547
What are the prime factors of 315509708?
2, 1597, 49391
List the prime factors of 2422949979.
3, 2647, 305119
List the prime factors of 63007439.
11, 19, 301471
What are the prime factors of 353493154?
2, 7, 113, 137, 233
List the prime factors of 96804128.
2, 3025129
What are the prime factors of 17191358?
2, 1103, 7793
What are the prime factors of 466285908?
2, 3, 11, 3532469
List the prime factors of 3151812.
2, 3, 262651
List the prime factors of 855316236.
2, 3, 19, 3751387
What are the prime factors of 2516474078?
2, 1277, 985307
List the prime factors of 3944327.
59, 66853
List the prime factors of 228680200.
2, 5, 7, 19, 8597
What are the prime factors of 200819694?
2, 3, 139, 389, 619
What are the prime factors of 1450684527?
3, 13781, 35089
What are the prime factors of 222196040?
2, 5, 11, 504991
What are the prime factors of 7821505536?
2, 3, 13, 139, 1409
List the prime factors of 110925120.
2, 3, 5, 115547
What are the prime factors of 1745463693?
3, 581821231
What are the prime factors of 775396409?
775396409
What are the prime factors of 33706086?
2, 3, 23, 244247
List the prime factors of 99742049.
11, 29, 113, 2767
List the prime factors of 2746608882.
2, 3, 457768147
List the prime factors of 323070731.
1259, 256609
What are the prime factors of 260212720?
2, 5, 167, 19477
List the prime factors of 1358364609.
3, 7, 37, 149, 3911
What are the prime factors of 2766780217?
127, 21785671
List the prime factors of 15788058.
2, 3, 11, 13, 18401
What are the prime factors of 85026896?
2, 73, 72797
What are the prime factors of 353272801?
7, 17, 23, 18439
What are the prime factors of 68698597?
11, 59, 9623
What are the prime factors of 50861218?
2, 25430609
What are the prime factors of 4299789823?
7, 5779, 106291
What are the prime factors of 151652430?
2, 3, 5, 617, 2731
What are the prime factors of 478000070?
2, 5, 47800007
What are the prime factors of 3410524830?
2, 3, 5, 31, 3667231
What are the prime factors of 338028308?
2, 84507077
List the prime factors of 666486666.
2, 3, 17, 157, 13873
What are the prime factors of 4022542445?
5, 8171, 98459
List the prime factors of 729446741.
729446741
What are the prime factors of 43081650?
2, 3, 5, 95737
What are the prime factors of 5456752537?
823, 6630319
List the prime factors of 4208786252.
2, 11, 2269, 42157
What are the prime factors of 75312583?
1613, 46691
What are the prime factors of 3189666145?
5, 637933229
List the prime factors of 904147965.
3, 5, 7, 19, 7951
What are the prime factors of 83355150?
2, 3, 5, 317, 1753
What are the prime factors of 501959462?
2, 701, 358031
List the prime factors of 114323529.
3, 38107843
List the prime factors of 406383530.
2, 5, 7, 5805479
List the prime factors of 257740973.
7, 3299, 11161
What are the prime factors of 168054312?
2, 3, 503, 13921
What are the prime factors of 1784964163?
2441, 731243
What are the prime factors of 818485208?
2, 193, 641, 827
List the prime factors of 67954959.
3, 523, 14437
List the prime factors of 7106096.
2, 444131
List the prime factors of 2091303335.
5, 11, 1033, 36809
List the prime factors of 2340540.
2, 3, 5, 13003
List the prime factors of 81528165.
3, 5, 1811737
What are the prime factors of 28732448?
2, 17, 52817
List the prime factors of 584678765.
5, 11, 10630523
List the prime factors of 166880530.
2, 5, 71, 235043
List the prime factors of 104143738.
2, 113, 460813
What are the prime factors of 348684569?
17, 109, 11069
List the prime factors of 496250317.
4733, 104849
List the prime factors of 88660605.
3, 5, 11, 127, 4231
What are the prime factors of 245988098?
2, 19, 601, 10771
What are the prime factors of 4761150496?
2, 148785953
What are the prime factors of 1048995917?
29, 37, 977629
What are the prime factors of 326106234?
2, 3, 19, 37, 25771
List the prime factors of 272397897.
3, 191, 5869
List the prime factors of 3462703.
383, 9041
What are the prime factors of 59399196?
2, 3, 463, 10691
What are the prime factors of 59691106?
2, 29, 1029157
List the prime factors of 228969545.
5, 7, 1409, 4643
What are the prime factors of 568023400?
2, 5, 7, 405731
List the prime factors of 287291417.
7, 41041631
What are the prime factors of 3421520?
2, 5, 19, 2251
List the prime factors of 3976492909.
3976492909
What are the prime factors of 50585178?
2, 3, 7, 1204409
What are the prime factors of 357012883?
107, 3336569
What are the prime factors of 32319811?
32319811
List the prime factors of 645835360.
2, 5, 239, 16889
What are the prime factors of 1057672664?
2, 23, 53, 108457
List the prime factors of 521775160.
2, 5, 331, 39409
What are the prime factors of 2514852403?
7, 59, 113, 53887
List the prime factors of 11311846.
2, 7, 13, 683
